{"id":1234,"date":"2018-05-19T13:40:59","date_gmt":"2018-05-19T13:40:59","guid":{"rendered":"http:\/\/popupkarten.de\/?page_id=1234"},"modified":"2018-05-19T14:08:31","modified_gmt":"2018-05-19T14:08:31","slug":"datenschutzerklaerung","status":"publish","type":"page","link":"https:\/\/www.popupkarten.de\/?page_id=1234","title":{"rendered":"Datenschutzerkl\u00e4rung"},"content":{"rendered":"<h3>Datenschutz<\/h3>\n<p>Uns ist es ein wichtiges Anliegen, Ihre Daten, welche anl\u00e4sslich Ihres Besuchs bei www.popupkarten.de erfasst werden k\u00f6nnen, zu sch\u00fctzen. Dabei k\u00f6nnen Sie unsere Seite jederzeit besuchen, ohne personenbezogene Angaben zu machen. \u2028Ihre pers\u00f6nlichen Daten werden erst dann erhoben und gegebenenfalls gespeichert, und dies auch nur zur Beantwortung Ihrer Anfrage und\/oder Abwicklung Ihres Auftrags, wenn Sie sich freiwillig mit uns in Verbindung setzen.<\/p>\n<p>Die gesetzlichen Bestimmungen zum Schutz Ihrer Daten finden sich im Bundesdatenschutzgesetz und im Telemediengesetz.<\/p>\n<p>Verantwortliche Stelle im Sinne der datenschutzrechtlichen Bestimmungen ist Jens Gollnow, Sonnenstra\u00dfe 224, 44137 Dortmund.\u2028 Nachfolgend finden Sie Informationen, welche Daten wir w\u00e4hrend Ihres Besuchs auf unserer Seite erfassen und wie diese genutzt werden. Sollten Sie noch Fragen haben, k\u00f6nnen Sie sich gerne an uns wenden. Unsere Kontaktdaten finden Sie auf der Seite <a href=\"http:\/\/popupkarten.de\/?page_id=9\">Kontakt<\/a>.<\/p>\n<ol>\n<li>Serverdatenerhebung<br \/>\nServer-Log-Dateien<br \/>\nDer Provider der Seiten erhebt und speichert automatisch Informationen in so genannten Server-Log-Dateien, die Ihr Browser automatisch an uns \u00fcbermittelt. Dies sind:<\/p>\n<ul>\n<li>Browsertyp und Browserversion<\/li>\n<li>verwendetes Betriebssystem<\/li>\n<li>Referrer URL<\/li>\n<li>Hostname des zugreifenden Rechners<\/li>\n<li>Uhrzeit der Serveranfrage<\/li>\n<li>IP-Adresse<\/li>\n<\/ul>\n<p>Eine Zusammenf\u00fchrung dieser Daten mit anderen Datenquellen wird nicht vorgenommen.<br \/>\nGrundlage f\u00fcr die Datenverarbeitung ist Art. 6 Abs. 1 lit. f DSGVO, der die Verarbeitung von Daten zur Erf\u00fcllung eines Vertrags oder vorvertraglicher Ma\u00dfnahmen gestattet.<\/li>\n<li>Cookies<br \/>\nDie Internetseiten verwenden an mehreren Stellen so genannte Cookies. Sie dienen dazu, unser Angebot nutzerfreundlicher, effektiver und sicherer zu machen. Ein Cookie ist ein von Ihrem Web-Server erzeugter Datensatz, der an den von Ihnen verwendeten Web-Browser gesendet wird und bei diesem in einer Cookie-Datei des lokalen Rechners abgelegt wird. Cookies auf diesen Seiten machen die Benutzung der Seiten komfortabler, richten auf Ihrem Rechner keinen Schaden an und enthalten keine Viren. Die von uns verwendeten Cookies sind so genannte \u201cSession-Cookies\u201d. Sie werden nach Ende Ihres Besuchs automatisch gel\u00f6scht. Sie k\u00f6nnen in Ihrem Webbrowser die Annahme von Cookies ausschlie\u00dfen. Dies kann aber u.U. zu Beeintr\u00e4chtigungen in der Funktionalit\u00e4t f\u00fchren. Zur Verwendung von Cookies im Rahmen von eingebetteten YouTube Videos, siehe unten, Ziffer 5.<\/li>\n<li>Nutzung und Weitergabe personenbezogener Daten<br \/>\nSoweit Sie uns personenbezogene Daten zur Verf\u00fcgung gestellt haben, verwenden wir diese zur Beantwortung Ihrer Anfragen, zur Abwicklung mit Ihnen geschlossener Vertr\u00e4ge und f\u00fcr die technische Administration. Ihre personenbezogenen Daten werden an Dritte nur weitergegeben oder sonst \u00fcbermittelt, wenn dies zum Zwecke der Vertragsabwicklung erforderlich ist, dies zu Abrechnungszwecken erforderlich ist oder Sie zuvor eingewilligt haben. Sie haben das Recht, eine erteilte Einwilligung mit Wirkung f\u00fcr die Zukunft jederzeit zu widerrufen, siehe auch Ziffer 7.<\/li>\n<li>Social Media-Dienste<br \/>\nWir verwenden keinerlei Social Media-PlugIns. Bei den allen Links auf unseren Seiten sich um reine Hyperlinks, die keine Daten von den entsprechenden Netzwerken laden. Erst wenn Sie einen der Links anklicken, wird eine Verbindung zum jeweiligen Dienst aufgebaut.<\/li>\n<li>Eingebettete YouTube-Videos<br \/>\nAuf einigen unserer Webseiten betten wir Youtube-Videos ein. Betreiber der entsprechenden Plugins ist die YouTube, LLC, 901 Cherry Ave., San Bruno, CA 94066, USA. Wenn Sie eine Seite mit dem YouTube-Plugin besuchen, wird eine Verbindung zu Servern von Youtube hergestellt. Dabei wird Youtube mitgeteilt, welche Seiten Sie besuchen. Wenn Sie in Ihrem Youtube-Account eingeloggt sind, kann Youtube Ihr Surfverhalten Ihnen pers\u00f6nlich zuzuordnen. Dies verhindern Sie, indem Sie sich vorher aus Ihrem Youtube-Account ausloggen.<br \/>\nWird ein Youtube-Video gestartet, setzt der Anbieter Cookies ein, die Hinweise \u00fcber das Nutzerverhalten sammeln.<br \/>\nWer das Speichern von Cookies f\u00fcr das Google-Ad-Programm deaktiviert hat, wird auch beim Anschauen von Youtube-Videos mit keinen solchen Cookies rechnen m\u00fcssen. Youtube legt aber auch in anderen Cookies nicht-personenbezogene Nutzungsinformationen ab. M\u00f6chten Sie dies verhindern, so m\u00fcssen Sie das Speichern von Cookies im Browser blockieren.<br \/>\nWeitere Informationen zum Datenschutz bei \u201eYoutube\u201c finden Sie in der Datenschutzerkl\u00e4rung des Anbieters unter: <a href=\"https:\/\/www.google.de\/intl\/de\/policies\/privacy\/\" target=\"_blank\" rel=\"noopener\">https:\/\/www.google.de\/intl\/de\/policies\/privacy\/<\/a><\/li>\n<li>Google Web Fonts<br \/>\nDiese Seite nutzt zur einheitlichen Darstellung von Schriftarten so genannte Web Fonts, die von Google bereitgestellt werden. Beim Aufruf einer Seite l\u00e4dt Ihr Browser die ben\u00f6tigten Web Fonts in ihren Browsercache, um Texte und Schriftarten korrekt anzuzeigen.Zu diesem Zweck muss der von Ihnen verwendete Browser Verbindung zu den Servern von Google aufnehmen. Hierdurch erlangt Google Kenntnis dar\u00fcber, dass \u00fcber Ihre IP-Adresse unsere Website aufgerufen wurde. Die Nutzung von Google Web Fonts erfolgt im Interesse einer einheitlichen und ansprechenden Darstellung unserer Online-Angebote. Dies stellt ein berechtigtes Interesse im Sinne von Art. 6 Abs. 1 lit. f DSGVO dar.<br \/>\nWenn Ihr Browser Web Fonts nicht unterst\u00fctzt, wird eine Standardschrift von Ihrem Computer genutzt.<br \/>\nWeitere Informationen zu Google Web Fonts finden Sie unter <a href=\"https:\/\/developers.google.com\/fonts\/faq\" target=\"_blank\" rel=\"noopener\">https:\/\/developers.google.com\/fonts\/faq<\/a> und in der Datenschutzerkl\u00e4rung von Google: <a href=\"https:\/\/www.google.com\/policies\/privacy\/\" target=\"_blank\" rel=\"noopener\">https:\/\/www.google.com\/policies\/privacy\/<\/a>.<\/li>\n<li>Auskunfts- und Widerspruchsrecht<br \/>\nSie haben jederzeit das Recht auf unentgeltliche Auskunft \u00fcber die von uns \u00fcber Sie gespeicherten personenbezogenen Daten. Soweit wir nicht gesetzlich zur Speicherung verpflichtet sind, k\u00f6nnen Sie die L\u00f6schung dieser Daten verlangen. Die L\u00f6schung der gespeicherten personenbezogenen Daten erfolgt, wenn Sie die Einwilligung zu ihrer Speicherung widerrufen, wenn ihre Kenntnis zur Erf\u00fcllung des mit der Speicherung verfolgten Zwecks nicht mehr erforderlich ist, z.B. nach abschlie\u00dfender Beantwortung einer Anfrage, oder wenn ihre Speicherung aus sonstigen gesetzlichen Gr\u00fcnden unzul\u00e4ssig ist. An die Stelle der L\u00f6schung tritt eine Sperrung nach den gesetzlichen Voraussetzungen, u.a. wenn aufgrund gesetzlicher oder vertraglicher Aufbewahrungspflichten die L\u00f6schung nicht zul\u00e4ssig ist.\u00a0 Bei Fragen zur Erhebung, Verarbeitung und Nutzung Ihrer personenbezogenen Angaben oder bei Ausk\u00fcnften, Sperrung, L\u00f6schung und Berichtigung Ihrer Daten wenden Sie sich bitte an uns. Unsere Kontaktdaten finden Sie auf der Seite <a href=\"http:\/\/popupkarten.de\/?page_id=9\">Kontakt<\/a>.<\/li>\n<li>Sonstiges<br \/>\nWir sind bem\u00fcht, Ihre personenbezogenen Daten durch Ergreifung aller technischen und organisatorischen M\u00f6glichkeiten so zu speichern, dass sie f\u00fcr Dritte nicht zug\u00e4nglich sind. Bei der Kommunikation per E-Mail kann die vollst\u00e4ndige Datensicherheit von uns nicht gew\u00e4hrleistet werden, so dass wir Ihnen bei vertraulichen Informationen den Postweg empfehlen.<\/li>\n<\/ol>\n","protected":false},"excerpt":{"rendered":"<p>Datenschutz Uns ist es ein wichtiges Anliegen, Ihre Daten, welche anl\u00e4sslich Ihres Besuchs bei www.popupkarten.de erfasst werden k\u00f6nnen, zu sch\u00fctzen. Dabei k\u00f6nnen Sie unsere Seite jederzeit besuchen, ohne personenbezogene Angaben zu machen. \u2028Ihre pers\u00f6nlichen Daten werden erst dann erhoben und &hellip; <a href=\"https:\/\/www.popupkarten.de\/?page_id=1234\">Weiterlesen <span class=\"meta-nav\">&rarr;<\/span><\/a><\/p>\n","protected":false},"author":1,"featured_media":0,"parent":0,"menu_order":0,"comment_status":"closed","ping_status":"closed","template":"","meta":{"footnotes":""},"class_list":["post-1234","page","type-page","status-publish","hentry"],"_links":{"self":[{"href":"https:\/\/www.popupkarten.de\/index.php?rest_route=\/wp\/v2\/pages\/1234","targetHints":{"allow":["GET"]}}],"collection":[{"href":"https:\/\/www.popupkarten.de\/index.php?rest_route=\/wp\/v2\/pages"}],"about":[{"href":"https:\/\/www.popupkarten.de\/index.php?rest_route=\/wp\/v2\/types\/page"}],"author":[{"embeddable":true,"href":"https:\/\/www.popupkarten.de\/index.php?rest_route=\/wp\/v2\/users\/1"}],"replies":[{"embeddable":true,"href":"https:\/\/www.popupkarten.de\/index.php?rest_route=%2Fwp%2Fv2%2Fcomments&post=1234"}],"version-history":[{"count":10,"href":"https:\/\/www.popupkarten.de\/index.php?rest_route=\/wp\/v2\/pages\/1234\/revisions"}],"predecessor-version":[{"id":1249,"href":"https:\/\/www.popupkarten.de\/index.php?rest_route=\/wp\/v2\/pages\/1234\/revisions\/1249"}],"wp:attachment":[{"href":"https:\/\/www.popupkarten.de\/index.php?rest_route=%2Fwp%2Fv2%2Fmedia&parent=1234"}],"curies":[{"name":"wp","href":"https:\/\/api.w.org\/{rel}","templated":true}]}}